

{"id":1206,"date":"2017-10-30T10:52:15","date_gmt":"2017-10-30T10:52:15","guid":{"rendered":"http:\/\/doubrava.knihovna.info\/?page_id=1206"},"modified":"2020-03-12T13:32:45","modified_gmt":"2020-03-12T11:32:45","slug":"deskove-hry-v-knihovne","status":"publish","type":"page","link":"https:\/\/doubrava.knihovna.info\/?page_id=1206","title":{"rendered":"Deskov\u00e9 hry"},"content":{"rendered":"<p><span style=\"color: #000000;\"><strong>Pravidla pro p\u016fj\u010dov\u00e1n\u00ed deskov\u00fdch her:<\/strong><\/span><\/p>\n<p>\u2022 Deskov\u00e9 hry je mo\u017en\u00e9 si zap\u016fj\u010dit v&nbsp;d\u011btsk\u00e9m odd\u011blen\u00ed Obecn\u00ed knihovny Doubrava<\/p>\n<p>\u2022 \u010cten\u00e1\u0159\u016fm mlad\u0161\u00edm 18 let se deskov\u00e1 hra zap\u016fj\u010d\u00ed oproti podpisu z\u00e1konn\u00e9ho z\u00e1stupce<\/p>\n<p>\u2022 \u010cten\u00e1\u0159 mus\u00ed m\u00edt platnou registraci nejm\u00e9n\u011b p\u016fl roku a mus\u00ed m\u00edt vyrovnan\u00e9 z\u00e1vazky v\u016f\u010di Obecn\u00ed&nbsp; knihovn\u011b Doubrava<\/p>\n<p>\u2022 \u010cten\u00e1\u0159 si m\u016f\u017ee vyp\u016fj\u010dit absen\u010dn\u011b maxim\u00e1ln\u011b 1 deskovou hru<\/p>\n<p>\u2022 V\u00fdp\u016fj\u010dn\u00ed lh\u016fta deskov\u00e9 hry \u010din\u00ed 3 t\u00fddny bez mo\u017enosti prodlou\u017een\u00ed<\/p>\n<p>\u2022 P\u0159ed p\u016fj\u010den\u00edm je deskov\u00e1 hra zkontrolov\u00e1na a \u010dten\u00e1\u0159 obdr\u017e\u00ed potvrzen\u00ed o v\u00fdp\u016fj\u010dce spole\u010dn\u011b se seznamem v\u0161ech komponent\u016f hry<\/p>\n<p>\u2022 \u010cten\u00e1\u0159 je povinen vr\u00e1tit deskovou hru ve stanoven\u00e9m term\u00ednu, v&nbsp;p\u0159\u00edpad\u011b prodlen\u00ed je povinen uhradit pokutu za prodlen\u00ed dle platn\u00e9ho cen\u00edku (viz. Knihovn\u00ed \u0159\u00e1d).<\/p>\n<p>\u2022 \u010cten\u00e1\u0159 mus\u00ed db\u00e1t na to, aby na h\u0159e nevznikla \u0161koda a aby nedo\u0161lo k&nbsp;jej\u00ed ztr\u00e1t\u011b \u010di odcizen\u00ed<\/p>\n<p>\u2022 V&nbsp;p\u0159\u00edpad\u011b po\u0161kozen\u00ed \u010di ztr\u00e1ty jednotliv\u00fdch komponent\u016f hry nebo cel\u00e9 hry je \u010dten\u00e1\u0159 povinen uhradit vzniklou \u0161kodu, p\u0159i ztr\u00e1t\u011b jednoho druhu komponentu je nutn\u00e9 nahradit celou sadu<\/p>\n<p>\u2022 \u010cten\u00e1\u0159 nem\u00e1 pr\u00e1vo p\u016fj\u010dovat deskov\u00e9 hry t\u0159et\u00edm osob\u00e1m<\/p>\n<hr \/>\n<p><span style=\"color: #000000;\"><strong>Seznam her ur\u010den\u00fdch k zap\u016fj\u010den\u00ed:<\/strong><\/span><\/p>\n<p>\u2234 Sabot\u00e9r<\/p>\n<p>\u2234 Tik.. Tak.. Bum!<\/p>\n<p>\u2234 Dostihy a s\u00e1zky<\/p>\n<p>\u2234 \u010clov\u011b\u010de, nezlob se<\/p>\n<p>\u2234 Dobble<\/p>\n<p>\u2234 Jungle speed Safari<\/p>\n<p>\u2234 Splendor<\/p>\n<p>\u2234 Sabot\u00e9r + Sabot\u00e9r &#8211; roz\u0161\u00ed\u0159en\u00ed<\/p>\n<p>\u2234 V\u00fdbu\u0161n\u00e9 lektvary<\/p>\n<p>\u2234 Tajemn\u00fd hrad<\/p>\n<p>\u2234 Mysterium<\/p>\n<p>\u2234 Tarantule tango<\/p>\n<p>\u2234 Celestia<\/p>\n<p>\u2234 Sp\u00edc\u00ed kr\u00e1lovny<\/p>\n<p>\u2234 Digit<\/p>\n<p>\u2234 Poklady Karibiku<\/p>\n<p>\u2234 Ticket to ride<\/p>\n<p>\u2234 Zak\u00e1zan\u00fd ostrov<\/p>\n<p>\u2234 D\u016fm sn\u016f<\/p>\n<p>\u2234 Velbloud\u00ed dostihy<\/p>\n<p>\u2234 6 bere!<\/p>\n<p>\u2234 Catan &#8211; Osadn\u00edci z Katanu<\/p>\n<p>\u2234 \u010cesko &#8211; ot\u00e1zky a odpov\u011bdi<\/p>\n<p>\u2234 Ubongo<\/p>\n<p>\u2234 Quiddler<\/p>\n<p>\u2234 Bang!<\/p>\n<p>\u2234 Krys\u00ed v\u00e1lka<\/p>\n<p>\u2234 Pir\u00e1tsk\u00e9 kostky<\/p>\n<p>\u2234 Zv\u00ed\u0159ata na palub\u011b<\/p>\n<p>\u2234 Zaj\u00edc a \u017eelva<\/p>\n<p>\u2234 Cortex<\/p>\n<p>\u2234 Dominion: Intriky<\/p>\n<p>\u2234 P\u00e1t\u00fd p\u0159es dev\u00e1t\u00fd<\/p>\n<p>\u2234 Na prodej<\/p>\n<p>\u2234 Severn\u00ed Morava a Slezsko<\/p>\n<p>\u2234 P\u00e1rty alias Junior 2. vyd\u00e1n\u00ed<\/p>\n<p>\u2234 Carcassonne: Zlat\u00e1 hore\u010dka<\/p>\n<p>\u2234 B\u00edl\u00e9 historky<\/p>\n<p>\u2234 \u010cern\u00e9 historky<\/p>\n<p>\u2234 Duch!<\/p>\n<p>\u2234 Cut the rope<\/p>\n<p>\u2234 Hrav\u00e9 krou\u017eky<\/p>\n<p>\u2234 Barv\u00ednek<\/p>\n<p>\u2234 Chod\u00ed pe\u0161ek okolo<\/p>\n<p>\u2234 Patchwork<\/p>\n<p>\u2234 Port royal + roz\u0161\u00ed\u0159en\u00ed<\/p>\n<p>\u2234 P\u0159\u00edb\u011bhy z kostek<\/p>\n<p>\u2234 Slovop\u00e1d<\/p>\n<p>\u2234 Summoner wars: z\u00e1kladn\u00ed sada<\/p>\n<p>\u2234 Time\u00b4s up! Rodina<\/p>\n<p>\u2234 Kingdomino<\/p>\n<p>\u2234 Alchymist\u00e9<\/p>\n<p>\u2234 Gobl\u00edci jedl\u00edci<\/p>\n<p>\u2234 Kryc\u00ed jm\u00e9na<\/p>\n<p>\u2234 Mmm!<\/p>\n<p>\u2234 Halali<\/p>\n<p>\u2234 Z\u00e1mky \u0161\u00edlen\u00e9ho kr\u00e1le Ludv\u00edka<\/p>\n<p>\u2234 Dao<\/p>\n<p>\u2234 Colt express<\/p>\n<p>\u2234 Caverna: sedl\u00e1ci z jeskyn\u00ed<\/p>\n<p>\u2234 Mnoho monster<\/p>\n<p>\u2234 Abaku<\/p>\n<p>&nbsp;&nbsp;&nbsp; Xbere!<\/p>\n<p>&nbsp;&nbsp;&nbsp; Ostrv Skye<\/p>\n<p>&nbsp;&nbsp; Neobvykl\u00ed podez\u0159el\u00ed<\/p>\n<p>&nbsp;&nbsp; Costa Rica<\/p>\n<p>&nbsp;&nbsp; Kostky boh\u016f<\/p>\n<p><span style=\"color: #000000;\"><strong>edice SMART<\/strong><\/span><\/p>\n<p>\u2234 Auto blok<\/p>\n<p>\u2234 IQ puzzle<\/p>\n<p>\u2234 Noemova archa<\/p>\n<p>\u2234 Safari<\/p>\n<p>\u2234 Vikingov\u00e9<\/p>\n","protected":false},"excerpt":{"rendered":"<p>Pravidla pro p\u016fj\u010dov\u00e1n\u00ed deskov\u00fdch her: \u2022 Deskov\u00e9 hry je mo\u017en\u00e9 si zap\u016fj\u010dit v&nbsp;d\u011btsk\u00e9m odd\u011blen\u00ed Obecn\u00ed knihovny Doubrava \u2022 \u010cten\u00e1\u0159\u016fm mlad\u0161\u00edm 18 let se deskov\u00e1 hra zap\u016fj\u010d\u00ed oproti podpisu z\u00e1konn\u00e9ho z\u00e1stupce \u2022 \u010cten\u00e1\u0159 mus\u00ed m\u00edt platnou registraci nejm\u00e9n\u011b p\u016fl roku a &hellip; <a href=\"https:\/\/doubrava.knihovna.info\/?page_id=1206\">Cel\u00fd p\u0159\u00edsp\u011bvek <span class=\"meta-nav\">&rarr;<\/span><\/a><\/p>\n","protected":false},"author":1,"featured_media":0,"parent":0,"menu_order":4,"comment_status":"closed","ping_status":"closed","template":"","meta":{"ngg_post_thumbnail":0,"footnotes":""},"class_list":["post-1206","page","type-page","status-publish","hentry"],"_links":{"self":[{"href":"https:\/\/doubrava.knihovna.info\/index.php?rest_route=\/wp\/v2\/pages\/1206","targetHints":{"allow":["GET"]}}],"collection":[{"href":"https:\/\/doubrava.knihovna.info\/index.php?rest_route=\/wp\/v2\/pages"}],"about":[{"href":"https:\/\/doubrava.knihovna.info\/index.php?rest_route=\/wp\/v2\/types\/page"}],"author":[{"embeddable":true,"href":"https:\/\/doubrava.knihovna.info\/index.php?rest_route=\/wp\/v2\/users\/1"}],"replies":[{"embeddable":true,"href":"https:\/\/doubrava.knihovna.info\/index.php?rest_route=%2Fwp%2Fv2%2Fcomments&post=1206"}],"version-history":[{"count":15,"href":"https:\/\/doubrava.knihovna.info\/index.php?rest_route=\/wp\/v2\/pages\/1206\/revisions"}],"predecessor-version":[{"id":1767,"href":"https:\/\/doubrava.knihovna.info\/index.php?rest_route=\/wp\/v2\/pages\/1206\/revisions\/1767"}],"wp:attachment":[{"href":"https:\/\/doubrava.knihovna.info\/index.php?rest_route=%2Fwp%2Fv2%2Fmedia&parent=1206"}],"curies":[{"name":"wp","href":"https:\/\/api.w.org\/{rel}","templated":true}]}}